e factors of 29626?
2, 14813
What are the prime factors of 118266?
2, 3, 23, 857
What are the prime factors of 155392?
2, 607
What are the prime factors of 7915139?
43, 184073
What are the prime factors of 240564?
2, 3, 20047
What are the prime factors of 1126723?
13, 59, 113
What are the prime factors of 11307603?
3, 19, 53, 197
What are the prime factors of 33911955?
3, 5, 7, 11, 9787
What are the prime factors of 170225?
5, 11, 619
What are the prime factors of 112288?
2, 11, 29
List the prime factors of 813704.
2, 37, 2749
What are the prime factors of 3633821?
3633821
What are the prime factors of 7777586?
2, 109, 35677
List the prime factors of 14022603.
3, 7, 17, 13093
What are the prime factors of 395462?
2, 23, 8597
List the prime factors of 290043.
3, 13, 37, 67
What are the prime factors of 3934786?
2, 17, 19, 6091
List the prime factors of 1383437.
11, 31, 4057
List the prime factors of 602433.
3, 13, 19, 271
What are the prime factors of 96470?
2, 5, 11, 877
What are the prime factors of 1749072?
2, 3, 13, 2803
List the prime factors of 56573.
11, 37, 139
What are the prime factors of 1246863?
3, 37, 47, 239
List the prime factors of 1296131.
17, 76243
List the prime factors of 5340.
2, 3, 5, 89
What are the prime factors of 149513?
7, 13, 31, 53
What are the prime factors of 910166?
2, 433, 1051
What are the prime factors of 5732712?
2, 3, 79621
What are the prime factors of 8620906?
2, 7, 23, 41, 653
List the prime factors of 8978412.
2, 3, 19, 53, 743
What are the prime factors of 206597?
206597
What are the prime factors of 9360453?
3, 701, 4451
List the prime factors of 1000019.
47, 21277
What are the prime factors of 346396?
2, 86599
What are the prime factors of 13549454?
2, 607, 11161
List the prime factors of 468423.
3, 5783
List the prime factors of 11948104.
2, 7, 213359
List the prime factors of 424768.
2, 6637
What are the prime factors of 8990968?
2, 7, 160553
List the prime factors of 7713802.
2, 683, 5647
What are the prime factors of 289148?
2, 72287
What are the prime factors of 247393?
247393
What are the prime factors of 7156041?
3, 151, 15797
What are the prime factors of 11604139?
929, 12491
List the prime factors of 2004571.
2004571
What are the prime factors of 468408?
2, 3, 29, 673
What are the prime factors of 1062839?
503, 2113
List the prime factors of 443152.
2, 27697
List the prime factors of 216982.
2, 23, 53, 89
What are the prime factors of 3423456?
2, 3, 11887
What are the prime factors of 1085098?
2, 7, 179, 433
List the prime factors of 233989.
7, 33427
What are the prime factors of 303582?
2, 3, 19, 2663
List the prime factors of 3203700.
2, 3, 5, 59, 181
What are the prime factors of 16842953?
163, 191, 541
What are the prime factors of 108201?
3, 36067
List the prime factors of 407673.
3, 7, 719
List the prime factors of 17304647.
1873, 9239
What are the prime factors of 7704669?
3, 7, 366889
List the prime factors of 3601948.
2, 7, 197, 653
List the prime factors of 14052544.
2, 11, 19961
List the prime factors of 447442.
2, 23, 71, 137
List the prime factors of 25794456.
2, 3, 29, 37061
List the prime factors of 4357179.
3, 161377
What are the prime factors of 16957967?
13, 100343
What are the prime factors of 31370599?
13, 2413123
List the prime factors of 207811.
207811
What are the prime factors of 2093806?
2, 11, 13, 7321
What are the prime factors of 112562?
2, 23, 2447
What are the prime factors of 273236?
2, 83, 823
What are the prime factors of 194109?
3, 89, 727
List the prime factors of 6939203.
173, 40111
List the prime factors of 136962.
2, 3, 7, 1087
List the prime factors of 2217552.
2, 3, 46199
What are the prime factors of 13686049?
13, 107, 9839
List the prime factors of 10579493.
10579493
What are the prime factors of 10911013?
10911013
List the prime factors of 1722569.
233, 7393
List the prime factors of 45783.
3, 5087
List the prime factors of 2349748.
2, 587437
What are the prime factors of 179631?
3, 6653
List the prime factors of 6458302.
2, 71, 45481
What are the prime factors of 18519633?
3, 11, 187067
List the prime factors of 283114.
2, 13, 10889
List the prime factors of 16683901.
13, 23, 55799
What are the prime factors of 70598?
2, 11, 3209
List the prime factors of 2877396.
2, 3, 239783
List the prime factors of 646454.
2, 263, 1229
List the prime factors of 7443666.
2, 3, 413537
What are the prime factors of 6325726?
2, 11, 41, 7013
List the prime factors of 995838.
2, 3, 269, 617
List the prime factors of 207468.
2, 3, 17, 113
What are the prime factors of 8354476?
2, 13, 160663
What are the prime factors of 278732?
2, 17, 4099
What are the prime factors of 2214057?
3, 137, 5387
What are the prime factors of 6579375?
3, 5, 11, 29
What are the prime factors of 1771445?
5, 13, 27253
List the prime factors of 748772.
2, 187193
What are the prime factors of 4908300?
2, 3, 5, 16361
List the prime factors of 523742.
2, 307, 853
What are the prime factors of 435429?
3, 16127
List the prime factors of 165591.
3, 6133
List the prime factors of 773360.
2, 5, 7, 1381
List the prime factors of 2102451.
3, 13, 31, 37, 47
What are the prime factors of 4873632?
2, 3, 50767
List the prime factors of 1099657.
13, 84589
What are the prime factors of 642251?
359, 1789
List the prime factors of 1862507.
41, 45427
List the prime factors of 2218511.
23, 96457
List the prime factors of 751166.
2, 13, 167, 173
What are the prime factors of 62390?
2, 5, 17, 367
What are the prime factors of 2950560?
2, 3, 5, 683
What are the prime factors of 298614?
2, 3, 157, 317
List the prime factors of 606595.
5, 11, 41, 269
List the prime factors of 22332518.
2, 13, 858943
What are the prime factors of 116946?
2, 3, 73, 89
What are the prime factors of 301102?
2, 150551
What are the prime factors of 1654376?
2, 227, 911
What are the prime factors of 1681445?
5, 523, 643
What are the prime factors of 223301?
13, 89, 193
What are the prime factors of 1553435?
5, 13, 23899
What are the prime factors of 6314137?
19, 439, 757
List the prime factors of 1018602.
2, 3, 13, 1451
What are the prime factors of 3572161?
31, 139, 829
What are the prime factors of 208777?
17, 12281
List the prime factors of 19286414.
2, 7, 1377601
What are the prime factors of 34526?
2, 61, 283
What are the prime factors of 58819?
131, 449
What are the prime factors of 5469830?
2, 5, 97, 5639
List the prime factors of 8412807.
3, 13, 17, 12689
What are the prime factors of 1342363?
11, 122033
What are the prime factors of 1473674?
2, 239, 3083
List the prime factors of 1956661.
7, 279523
What are the prime factors of 4030232?
2, 503779
What are the prime factors of 1698689?
1698689
List the prime factors of 1646816.
2, 53, 971
List the prime factors of 2991651.
3, 13, 79, 971
What are the prime factors of 260899?
17, 103, 149
What are the prime factors of 34119256?
2, 367, 11621
What are the prime factors of 262234?
2, 7, 18731
What are the prime factors of 288216?
2, 3, 4003
List the prime factors of 669287.
669287
List the prime factors of 1692611.
47, 36013
What are the prime factors of 298697?
7, 71, 601
What are the prime factors of 152300?
2, 5, 1523
List the prime factors of 12953294.
2, 41, 47, 3361
What are the prime factors of 265423?
265423
What are the prime factors of 137416?
2, 89, 193
What are the prime factors of 53224?
2, 6653
What are the prime factors of 341720?
2, 5, 8543
What are the prime factors of 16094398?
2, 47, 131, 1307
List the prime factors of 5446066.
2, 2723033
What are the prime factors of 2185241?
2185241
List the prime factors of 318375.
3, 5, 283
List the prime factors of 250598.
2, 125299
What are the prime factors of 910646?
2, 11, 53, 71
What are the prime factors of 287830?
2, 5, 107, 269
List the prime factors of 309385.
5, 43, 1439
List the prime factors of 545777.
71, 7687
List the prime factors of 433442.
2, 31, 6991
What are the prime factors of 70221?
3, 89, 263
What are the prime factors of 109834?
2, 54917
List the prime factors of 10256113.
7, 61, 24019
What are the prime factors of 575314?
2, 17, 16921
List the prime factors of 136387.
29, 4703
List the prime factors of 619478.
2, 73, 4243
What are the prime factors of 2013851?
7, 73, 563
What are the prime factors of 5